 Calculate d(g).
-7
Let f(l) be the first derivative of l**4/24 - l**3/2 + 24*l**2 + 101. Let m(p) be the second derivative of f(p). Determine m(10).
7
Suppose -2*v + 26 = v + u, -5*v + 3*u = -34. Suppose 0 = -2*l - 2*l + 4, -l - 7 = -2*d. Let i(s) = v - d*s + 4*s + s - 2*s. What is i(5)?
3
Let j(q) = 10*q - 487. Let g(u) = -4*u + 210. Let h(r) = -7*g(r) - 3*j(r). Suppose 9*p - 8 = 10*p. Determine h(p).
7
Let y(j) = j**2 - 22*j - 69. Let v be y(25). Let f(i) = 3*i**2 - 8*i - 41. Give f(v).
19
Let y(g) = -223*g**2 + 15*g + 14*g - 28*g + 224*g**2. Let w(f) = f + 8. Let i be ((-2)/4)/(4/72). Let t be w(i). What is y(t)?
0
Let l(i) = 10*i + 11. Let g(q) = 22*q + 22. Let d(s) = 4*g(s) - 9*l(s). Let y be d(-3). Let r(z) = 2 - 2 - z**2 - 3*z. Determine r(y).
-10
Let a(m) = -m - 6. Let t(d) = 6*d**2 + 6*d - 5. Let b(v) = -5*v**2 - v + 4. Let j(r) = 3*b(r) + 2*t(r). Let z be j(3). What is a(z)?
-8
Suppose 7*f + 24 = 4*f. Let k(r) = 6*r - 14. Let m be k(3). Let g(z) = z - m*z - 4*z + 10 + 8586*z**2 - 8587*z**2 + 0*z. What is g(f)?
2
Let q(m) = 3*m**3 + 22*m**2 + 9*m - 2. Suppose -11*j + 8*j + 45 = -3*u, 5*u + 27 = -j. What is q(u)?
-16
Let p(n) = n**2 + 8*n - 11. Suppose 0 = -17*z + 95 - 10. Let d be (-1 + 19)*z*2/(-20). Calculate p(d).
-2
Let o(v) be the second derivative of -v**4/12 + v**3/3 + 9*v**2/2 + 852*v. What is o(5)?
-6
Let z(h) be the second derivative of -h**4/12 - 7*h**3/2 - 4*h**2 + 2*h - 1007. Let y be (-14)/(-4)*(-72)/12. Give z(y).
-8
Let s(b) = 985*b - 1972*b + 984*b - 42 + 24 + 25. Let w(i) = i**3 - 3*i**2 - 3*i + 1. Let c be w(4). Calculate s(c).
-8
Let z(c) = c**3 - 2*c**3 - c**2 + 2*c**3 + 11. Suppose -6 = 4*t + 2*b, -9*t - 3 = -10*t + b. What is z(t)?
11
Let s = 38091 + -38085. Let b(v) = -44*v + 282. Calculate b(s).
18
Let m(t) be the third derivative of 1/6*t**3 + 0 + 0*t + 1/24*t**4 + 106*t**2. Let s(y) = -y**3 + 5*y**2 - 5*y + 2. Let q be s(4). Give m(q).
-1
Let k(s) = 21*s**3 - 274*s**2 + 12*s + 11. Let r be k(13). Let u(l) = -7*l**3 + 3*l**2 + l. Calculate u(r).
66
Let v(l) = 4*l**2 + 13*l - 2. Let y(i) = -i**2 - i. Let u(j) = v(j) + 5*y(j). Let h = -54 + 59. Suppose 0 = -h*a - 0*a + 25. Give u(a).
13
Let h(t) = 372*t**2 + 2*t - 745*t**2 + 372*t**2 + 25*t - 10. Determine h(27).
-10
Let b(j) = j - 5. Let k = -143 - -147. Suppose 0 = -4*w - w - m, m = -4*w. Suppose d + w = k. What is b(d)?
-1
Let r(w) = 3*w - 4*w + 7*w - 2*w - 17. Suppose 106*d - 112 - 422 = 102. What is r(d)?
7
Let d(u) = -u - 6. Let o(f) = -16 + 42 - 10 - 17. Let k(j) = -d(j) + 5*o(j). Suppose -3*w + 5 = i, -5*w + 19 - 4 = 5*i. Determine k(w).
2
Suppose 0 = -2*d - 3*z - 32, -z - 97 = 5*d + 9. Let h be d/5 + 4 - (-36)/15. Let g(m) = m**2 + m - 4. Determine g(h).
2
Let k(f) be the third derivative of -f**7/210 + f**6/90 - f**5/60 - 26*f**3/3 - 23*f**2. Let r(m) be the first derivative of k(m). What is r(2)?
-20
Suppose -956*l = -2*r - 955*l - 21, -5*r + l = 33. Let c(s) = -3*s**2 - 4*s + 1. Let z(y) = -y**2 + 1. Let q(f) = -c(f) + z(f). Determine q(r).
16
Let c(i) = i**2 - 282*i + 16149. Let j be c(80). Let r(y) = -10*y**2 - 23*y + 42. Let d(z) = -3*z**2 - 8*z + 14. Let b(g) = -7*d(g) + 2*r(g). Calculate b(j).
-3
Let q be 8 + (1582/140 - (-3)/(-10)). Let l(c) = -8*c**2 + 153*c - 21. Give l(q).
-2
Let w = 1458 - 1465. Let l(f) be the third derivative of f**6/120 + 2*f**5/15 + 3*f**4/8 - 2*f**2. What is l(w)?
-14
Let r(x) = -8*x + 62. Let k be (7 + (-161)/(-69))/((-8)/(-6)). Give r(k).
6
Let c(x) = -8*x**3 + 8*x - 17. Let y(v) = -v**3 + v**2 + v - 1. Let d(j) = -c(j) + 7*y(j). Give d(-7).
17
Let t be 18*3*(-7)/(-14). Suppose 20*j - 21*j + t = 0. Let y(x) = -3 + x**2 - 3*x**2 - j*x**3 + 26*x**3 + 7*x**2. Calculate y(5).
-3
Let x(u) = 2*u - 4. Let w(c) = -14*c + 2. Suppose -r - 4 = 4*v, v + 2*r - 6 = -0. Let k be w(v). Suppose -3*l + 12 = 4*o, -2*o - 3*l = -5*o + k. Determine x(o).
8
Let x(d) = -d**3 + 4*d**2 + 6*d + 4. Let g(t) = 7*t**2 + 4*t + 3. Let p = 0 + -1. Let o be g(p). Give x(o).
-32
Let i = -437 + 442. Let f(u) = 5 + 26*u**2 + 2*u**3 - i*u**2 + u - 3*u - 16*u**2. Give f(-3).
2
Let b(q) = 468*q**2 + 0*q**3 + 460*q**2 + 9 - q**3 - 6*q - 918*q**2. Calculate b(9).
36
Let o(w) = -2*w**2 + 4*w. Let q(x) = -x**2 + 2*x - 2. Let m(g) = 3*o(g) - 5*q(g). Suppose -61 = 6*t - 43. Calculate m(t).
-5
Let s(z) = -z**2 + 4*z + 2. Let j be 780/180 - (-4)/(-3). Suppose -3*g + j = 3*q, 4 = -2*g - q + 8. Determine s(g).
5
Let q be (-8 + (-57)/(-6))*2. Let r(j) = -q + 2817*j - 2815*j - j**3 + 2*j**3. Give r(2).
9
Let q(a) = a + 2. Suppose 10*i = -14 - 46. Let f be i*6/(-126) + (-33)/(-7). Give q(f).
7
Suppose 5*a + 297 = -k, -1464 = -0*k + 5*k + 4*a. Let d = k + 291. Let b(l) = 5 - l**2 - 4*l - l**3 - 4 + 5*l. What is b(d)?
0
Let g be 7/21*4*(-12)/(-8). Let h be 0/(-3) + 2 + 0. Let w(r) = h*r**g + 5 + r - 2*r - 3*r - 6. Calculate w(3).
5
Let a(b) = b + 23. Let l be a(-22). Let v(g) = -5*g + 8*g + 0 + l - 2*g. Give v(-9).
-8
Let a(r) = 14*r + 841. Let m(g) = -g - 26. Let u(v) = -a(v) - 3*m(v). What is u(-69)?
-4
Suppose 4*w = 5*r + 35, -4*r - 853 = -4*w - 825. Let b(a) be the third derivative of 0 - 11/24*a**4 + w*a - 17*a**2 - 4/3*a**3 - 1/60*a**5. Calculate b(-11).
-8
Let j(z) = -2*z**2 + 5*z**2 + z**3 - z**2 + 4 + z. Let f be (6*(-9)/18 - -6) + -6. Give j(f).
-8
Let i(m) = -2*m**2 + 17*m + 39. Let k(l) = -l**2 + 9*l + 25. Let w(t) = -3*i(t) + 5*k(t). Let s be (-20)/15*(-33)/(-2). Let v = -15 - s. What is w(v)?
15
Let r(n) be the third derivative of 5*n**4/12 + 25*n**3/6 - 1442*n**2. Give r(-5).
-25
Let p(a) = -1 + 418*a - 4*a**2 - 419*a + 2*a**2 - 7*a**2. Let n(c) = 28*c**2 + 3*c + 3. Let u(w) = -2*n(w) - 7*p(w). Determine u(-1).
7
Suppose -121 = -132*q + 143. Let u be (-2 - 4/(-3))*-6. Let m(b) = 1 + 16*b**3 - 7*b**q + u*b**2 + 4*b - 11*b**3 - 6*b**3. Calculate m(-4).
1
Let y(n) = n**3 - 7*n**2 - 5*n - 13. Let p be (4/(-120)*-4*-10)/((-5)/30). Calculate y(p).
11
Let c(t) be the first derivative of -t**4/4 + 19*t**3/3 + 19*t**2/2 + 28*t - 366. Determine c(20).
8
Let z(n) = 15 + 5*n - 7 + 6. Let x = -16382 - -16378. Determine z(x).
-6
Suppose -3*h - 6 = 4*d - 0, 3*d = -2*h - 4. Let k(l) = l - 8*l - l**2 + d + 2. Let o(q) = -94*q**2 - 2256*q - 6. Let a be o(-24). What is k(a)?
8
Let v(o) be the third derivative of -7*o**2 - 1/12*o**4 + 0 + 0*o - 2/3*o**3. Let p(k) = 4*k**3 - k**2 + k + 1. Let d be p(-1). Give v(d).
6
Let s = -278 - -440. Let x(p) = 81 + 5*p + 81 - s. Let c(a) = -a**3 - a**2 - a - 4. Let z be c(-2). Determine x(z).
10
Let u be (-2)/(-6) + (-35)/(-3). Suppose 13*y - u*y - 5 = 0. Suppose -11 = -2*s - i, 21 = y*s - 2*i + 7. Let w(f) = -3*f + 2. Calculate w(s).
-10
Let a(f) = -f + 17. Let t be a(15). Let v(h) = 37 + 28 - 64 - 6*h + 4*h + 6*h. Determine v(t).
9
Suppose 0*l - 2*l = -4. Let a(x) = 7*x**3 + 11*x**2 + 242*x - 7. Let t(n) = 6*n**3 + 9*n**2 + 202*n - 6. Let g(p) = -5*a(p) + 6*t(p). Give g(l).
7
Let u(f) be the first derivative of f**4/4 + 5*f**3/3 - 3*f**2 + 5*f + 4. Let y(n) = n**2 - 161*n + 5968. Let h be y(103). Determine u(h).
5
Let y = 185 - 189. Let c(f) = -2*f**3 - f**2 + 13*f - 13. Let i(x) = 3*x**3 + x**2 - 20*x + 20. Let z = -21 + 13. Let d(b) = z*c(b) - 5*i(b). Calculate d(y).
4
Let x(i) be the second derivative of 13*i**4/12 + 19*i**3/6 - 19*i**2/2 + 10*i. Let d(u) = -8*u**2 - 13*u + 13. Let y(s) = 8*d(s) + 5*x(s). Determine y(7).
-5
Let q(y) = -4*y**3 + y**2 + 4*y - 5. Suppose 7*o - 28*o = 20*o. What is q(o)?
-5
Let a(s) be the first derivative of s**3/3 + 5*s**2/2 - 13*s + 663. Suppose -12*p + 9*p = 27. Give a(p).
23
Let z(a) = -7*a - 177. Suppose -5*b = t + 22 - 32, 2*t - 5*b + 85 = 0. Give z(t).
-2
Let v(k) be the second derivative of k**5/20 - k**4/4 + k**3 - 3*k**2 - 4840*k. Calculate v(2).
2
Let q(u) = 3*u + 10 - u + u. Suppose 1047 - 179 = -124*r. Determine q(r).
-11
Suppose -5 = -5*l - 4*c - 1, -2*l = 3*c + 4. Let h = 6 - l. Let z(v) = -4 + v**2 - 2 - 2*v**2 - 23*v**3 + 8 - 2*v + 24*v**3 - 3. Calculate z(h).
-1
Let x be ((-2)/(-6))/(4/360*5). Let d be x/5*(-3)/((-36)/210). Let u(b) = 2*b + 2*b + d - 21. Determine u(-3).
-12
Suppose -6*a = -y + a + 44, 5*a + 38 = 4*y. Let v(u) be the third derivative of -1/6*u**3 + 2 + 0*u - 4*u**y + 3/4*u**4. Determine v(-1).
-19
Suppose 7*o + 9*o - 272 = 0. Suppose -2*q - 7 = -o. Let g(n) = -n